18)/(-5). Let d = x - 2. Calculate j(d).
7
Let r(n) = n**3 - 5*n**2 - 3*n + 5. Let p be 1 + (4 - 3) + 3. Give r(p).
-10
Let w(b) = 4*b**2 - 7*b + 2 + 3 - 3*b**2. Suppose 4*u + 1 = -3*k + 48, -4*k + 4 = 0. Let p = u + -7. What is w(p)?
-7
Let u = 3 - 6. Let q(s) = -2 + 14*s**3 - 33*s**3 + 18*s**3 - 5*s - 5*s**2. Determine q(u).
-5
Let x(i) be the third derivative of i**5/30 + i**4/6 - 5*i**3/6 - 5*i**2. What is x(-4)?
11
Let y(z) = -6*z**2 - 1 + 4*z + 5*z - 5*z + 5*z**2. Let d be y(3). Let l be 1/(d/(0 + -10)). Let a(k) = -3*k - 6. Calculate a(l).
9
Suppose 0 = 4*i - 2*c - 1 - 1, 4*c = -i + 14. Let r(y) = y**3 + 3*y + 5 - 7 - 4*y**i + y. Determine r(2).
-2
Let x = -17 + 27. Let s be 4/x - 12/5. Let y(k) = -2*k**3 - 16*k**2 - 11*k - 7. Let r(b) = -b**3 - 7*b**2 - 5*b - 3. Let v(t) = 5*r(t) - 2*y(t). Determine v(s).
1
Let v be ((-2)/(-4))/((-4)/(-16)). Suppose -4 = -2*u + v. Let w(f) = -2*f**u - 2*f - 4*f**2 + f**3 + f. Give w(-4).
4
Let a(b) = -4*b**2 + 3*b - 1. Let t(n) = -n**2. Suppose -v = -4*v + 15. Let k = v + -4. Let d(j) = k*a(j) - 5*t(j). Calculate d(-2).
-3
Let y(o) = -3*o - 6. Let r be y(-6). Let l(g) = -1 - 7*g + 14*g - r*g. Give l(-1).
4
Let k(y) be the first derivative of 9*y + 1/2*y**2 + 1. Determine k(0).
9
Let x(w) = -w**3 - w**2 + w - 1. Let m(y) = -y**3 + 3*y**2 + 6*y + 2. Let o(u) = -m(u) + 2*x(u). Suppose -r + 2*r = -5, r - 7 = 3*b. Calculate o(b).
-4
Let s(v) = v**3 - 7*v**2 + v + 5. Suppose -25*c + 29*c = 28. Calculate s(c).
12
Let h(z) = z**3 + 5*z**2 + 3*z - 5. Let v be -12 - (0 + -1) - -1. Let o = -7 - v. Let k be (-2)/(-2) + -2 - o. Determine h(k).
-1
Let n(h) = -2 - 9*h + 0*h + 8*h. Determine n(-8).
6
Let s(y) = -y + 2. Suppose 3*q - 3*h - 16 = q, -q + 5*h + 15 = 0. Calculate s(q).
-3
Let c(t) = -2*t - 7*t + 8*t - 1. Determine c(3).
-4
Let c(i) = i**2 - i. Let m(k) = 2*k**2 - 9*k - 2. Let o(b) = 3*c(b) - m(b). Let w = -7 + 2. Give o(w).
-3
Let d(j) be the first derivative of -2*j**2 - 2*j + 5. Suppose h = -z + 3, 2*h + 7*z - 16 = 3*z. What is d(h)?
6
Let w(d) = -d - 10. Let f be w(-11). Let l(c) be the third derivative of 7*c**6/120 + c**5/30 - c**4/24 + c**2. Determine l(f).
8
Let w(s) = -2 + 2 - 3*s - 4. Let a be w(-3). Let q(m) = -a*m**2 - 5*m**3 - 6 - 3*m**3 + 7*m**3 + 5*m. What is q(-6)?
0
Let n(q) = q + 7. Let m be n(-11). Let l(k) = k**2 + 7*k + 6. Give l(m).
-6
Let u(h) = h**3 - 8*h**2 - 2*h + 10. Let r(z) = z**3 - z**2 - 2*z - 4. Let t be r(3). Give u(t).
-6
Let n(j) = -7*j**2 - 8*j**2 - 1 - 15*j + 13*j. Calculate n(-1).
-14
Let p(g) = 14*g - 13*g + 1 + 0. Determine p(3).
4
Let d(j) = -4*j**2 + 2*j + 7. Let l(a) = -a**2 - a + 1. Let v(x) = d(x) - 3*l(x). Suppose 5*h - 107 + 87 = 0. Determine v(h).
8
Let c(t) be the first derivative of t**4/4 + 2*t**3/3 - t**2/2 - 2*t + 2. Let s = 6 - 3. Suppose -3*o + 5*h - 16 = -0*h, s*h = 6. Determine c(o).
0
Let c(u) = -5*u - 29. Let j(q) = 3*q + 19. Let a(p) = -5*c(p) - 8*j(p). Give a(8).
1
Suppose -3*f + 0 = -30. Suppose 3*v = f - 1. Let y(x) = -x**2 + 4*x - v*x + 2*x**2 - 2*x**2. Determine y(3).
-6
Let s(u) = -u**3 + u**2 + u + 1. Let w be s(-2). Let i = -9 + w. Let x(b) be the first derivative of -2*b**3/3 + b**2 - 3*b - 1. What is x(i)?
-7
Let l(u) be the third derivative of u**5/30 + u**4/8 - u**3/2 - 14*u**2. Let t = 3 + -1. Suppose 0 = t*x - 4*x - 6. Determine l(x).
6
Suppose -15*i - 42 = -12*i. Let y(j) = 4*j + 3. Let w(x) = -9*x - 7. Let p(k) = i*y(k) - 6*w(k). Calculate p(-1).
2
Suppose -t - 3*t + 12 = 0. Let r(h) = -41*h**3 + h + 2 - 2*h + 42*h**3 - 2*h**2. What is r(t)?
8
Let n(z) = z**2 - 2*z + 1. Let s = -1 - -4. Let y be (2/(-1))/((-6)/s). Suppose y + 3 = 4*w. Calculate n(w).
0
Let n(g) be the second derivative of g**4/12 + g**3/3 - g**2/2 + 42*g. Give n(-3).
2
Let t(k) = 10*k. Let b(c) = -c**3 - 14*c**2 - 12*c + 12. Let w be b(-13). Give t(w).
-10
Let v(t) = -7*t**2 - 2*t + 3. Let w(i) = 7*i**2 + i - 2. Let x(q) = -2*v(q) - 3*w(q). What is x(1)?
-6
Let b(i) = i**3 + 6*i**2 - i + 1. Let d be b(-6). Let a(j) = j**2 - 8*j + 2. Give a(d).
-5
Suppose 0 = -18*o + 16*o. Let x(c) = c + 0 + 0 - 6. What is x(o)?
-6
Let a(n) be the first derivative of n**2 + 9*n + 6. Calculate a(-6).
-3
Let p(a) = -4*a + 5. Let s(z) = -2*z + 3. Let c(r) = 2*p(r) - 5*s(r). Give c(6).
7
Let z = 1 - -3. Let w(u) = -3 + 3*u + 3 - 6. What is w(z)?
6
Suppose -3*l + 22 = 2*l - 2*c, 0 = -5*c + 20. Let k(u) = 14*u + 3*u - 8 - 15*u. Give k(l).
4
Let j(z) = z - 5 + z - 1. Let l be (-2)/(3/(-13 - 2)). Suppose -2*m + 10 = -4*k, 2*m - k - 2*k - l = 0. What is j(m)?
4
Let r(v) be the first derivative of -v**3/3 - 2*v**2 - v - 18. Give r(3).
-22
Let n(f) = 2 - 2*f**2 + 0*f - 3*f**2 + 4*f**2 + 3*f. What is n(3)?
2
Let q(f) be the third derivative of f**6/120 + f**5/12 + f**4/8 + f**3/6 + 5*f**2. What is q(-4)?
5
Suppose 3*n = 12 + 3. Let a(u) = n*u - 3*u - 1 - 3*u + 3*u. Determine a(3).
5
Let i be (-6)/27 - (-112)/18. Suppose -6*y + 3*y = i. Let t(z) = z**3 - z. Calculate t(y).
-6
Let v(y) be the second derivative of -y**5/20 + y**2 + 16*y. Determine v(0).
2
Let v(c) = -c**3 + c**2 - c - 4. Let t be (-10 + 10)/(-2 - 0/(-3)). Determine v(t).
-4
Let p(k) = 11*k**3 - 2*k**2 + k. Let m(y) = y**3 + 4*y**2 + y. Let x be m(-3). Suppose 2*g + 4 = x*g. Calculate p(g).
10
Let r(t) = -2*t - 15. Let y be r(-7). Let g(z) = -z**2 + z. Calculate g(y).
-2
Let p(k) = 1 + 22*k**2 + k + 4 - 23*k**2. What is p(0)?
5
Let c(z) = -z**2 + z - 1. Let f be c(3). Let s(t) = t**3 + 6*t**2 - 7*t + 4. What is s(f)?
4
Suppose 2*b = -2*j - 0*b - 22, -4*j - 3*b - 39 = 0. Let v(p) be the second derivative of -p**5/20 - p**4/2 - p**3/3 - 4*p**2 + 5*p. What is v(j)?
4
Let v(u) = -u**3 + u**2 + 4*u + 5. Let f be v(3). Let k(o) = -7*o**2. Give k(f).
-7
Let a(s) = s**3 + 4*s**2 + s - 4. Let j be a(-3). Let h(c) = 4*c - 3 - 3*c + j. Let n be (-4)/20 + 48/(-10). Calculate h(n).
-6
Let d(a) = -a + 1. Let n be d(-4). Suppose k - 14 = n*c, -4*k - 3*c + 0*c + 10 = 0. Let g(s) = -s**2 + 4*s + 3. What is g(k)?
3
Suppose 2*b = 11 - 3. Suppose -4*f + 4 = -2*q - 16, 2*q = -f. Let y = q + b. Let s(h) = -4*h + 2. Determine s(y).
-6
Let s be 46/(-8) - 3/(-4). Let t = s - -8. Let m(k) = k - 3. What is m(t)?
0
Let u(f) = -2*f**2 - 27*f + 4. Let y(m) = m**2 + 13*m - 2. Let k(h) = -6*u(h) - 13*y(h). Let a(s) be the first derivative of k(s). What is a(-6)?
5
Let o = -8 - -27. Let m = o - 19. Let j(y) = y - 3. Determine j(m).
-3
Let p(a) be the first derivative of a**4/4 - 4*a**3/3 - a**2 + 3*a - 2. Suppose 0 = -4*k - 2 - 2. Let f be 3 - (0 + 0) - k. Calculate p(f).
-5
Let n(a) = a**2 - 3. Let d(t) = t**2 + 1. Let o(h) = -2*d(h) - n(h). Give o(-2).
-11
Let s be -2*(-9)/(-6) + 1. Let a(l) = -l**2 - 3*l. What is a(s)?
2
Suppose -3*t + 1 = h - 1, 18 = -t - 5*h. Let c(q) = 0*q**t + 7*q - q**2 + 0*q - 6. Let n(l) = l**3 - 5*l**2 + l - 1. Let r be n(5). Calculate c(r).
6
Let o(y) = y**2 + 8*y + 9. Let w be o(-7). Let v(a) = -a**w + 4*a**2 + a - 9*a**3 + 1 - 3*a**2. Give v(-1).
9
Let y(p) = -p. Suppose 4*o + 12 = -4*s, 3*s + 8 = 2*o - 6. Let c be y(o). Let i be c/2 - (-18)/(-4). Let g(d) = -d - 6. What is g(i)?
-1
Suppose 2*a + 4*r = 6*a - 28, 0 = 3*a - 4*r - 19. Let l(h) = h - 8. Calculate l(a).
1
Let y(j) = 6*j + 1. Let x be y(1). Let g(t) = -t**2 + 6*t + 1. Let l be g(x). Let s(m) be the second derivative of m**3/6 + m**2/2 + 6*m. What is s(l)?
-5
Let o = -31 - -125/4. Let n(y) be the first derivative of -o*y**4 + 6*y - 1 + 2*y**3 - 3*y**2. Determine n(5).
1
Let c be (-6)/3 + (-1 - -1). Let g be (0 - 0/(-2))/c. Let l(h) = g - 1 - h - 4. Give l(0).
-5
Let d(y) = y + 5. Suppose -5*i = -6 - 9. Let x be 4 - (i + (-2 - -1)). Suppose -2*t = 2*l + 16, t - l - 8 = x*l. Determine d(t).
1
Let y = -21 - -16. Let d(i) = i + 4. What is d(y)?
-1
Let k(q) be the second derivative of -q**3/2 + 18*q. What is k(-2)?
6
Let t(z) = z**3 - 3*z**2 + 2*z - 2. Let q(c) = c**2 - 4*c - 1. Let j be q(2). Let k = j + 7. Let h = k - 0. Give t(h).
-2
Suppose 3*b + b - 8 = 0. Let t(g) = g**2 + 3 - 8*g**2 + 2*g + 3*g**2 + 3*g**b. Determine t(4).
-5
Let o(h) = 5*h**3 + 4*h**2 + 6. Let p(a) = 6*a**3 + 3*a**2 + 6. Let i(t) = 5*o(t) - 4*p(t). What is i(-8)?
6
Let j(k) = 4*k + 7. Let l(b) = 5*b + 8. Let t(i) = -6*j(i) + 5*l(i). Let n(g) = g**3 - 2*g**2 - 3*g + 4. Let u be n(3). Determine t(u).
2